ate (11 - 0) + -23 + 18.
6
What is the value of 1 + 9 - (16 + -4)?
-2
Evaluate 0 + 0 + 0 + (-9 - -4).
-5
Evaluate 3 + -6 + 3 + 2.
2
Calculate 1 - (12 - 4) - (1 - 5).
-3
Calculate -7 + -1 + 9 - (-3 - -1).
3
What is the value of 5 + (-1 - -3) + -8?
-1
What is -8 + -7 + -2 - -12?
-5
What is (8 - -3 - 8) + -5?
-2
What is the value of -3 - (-4 + (-1 - -8) - 1)?
-5
What is the value of (11 + -5 - 9) + 5?
2
4 - (2 - (-5 + (-5 - -15)))
7
Calculate -1 + 2 + 1 + -2 + 3.
3
What is the value of -8 + (2 - 2) + 1 + 3?
-4
Evaluate -10 - -16 - 14 - -1.
-7
Evaluate -1 + -1 - (4 + -8 + 1).
1
What is the value of 0 + 9 + 2 + -4?
7
What is the value of -117 + 129 + -8 + 0?
4
What is -8 - -9 - -2 - 13?
-10
-5 + 10 - (5 - (0 - -1))
1
Evaluate (-7 - -1 - -13) + -3.
4
Calculate -12 - ((4 - 2) + -8 - 0).
-6
Evaluate 5 + -23 - (-10 + 0).
-8
-2 + -1 + (6 - 6)
-3
Evaluate 1 - 8 - (0 - 2).
-5
What is the value of -4 + 4 + 4 + -7?
-3
Evaluate 10 + -3 + -2 + -2 - -6.
9
What is the value of 0 + -9 + -1 + 3?
-7
Calculate -3 + 2 + 2 + (-12 - -9).
-2
0 + -5 - (-10 + 14 + -7)
-2
-2 + -2 - (2 - 2)
-4
Evaluate -3 - ((1 - 1) + -4 + -2).
3
What is 9 + (-10 - -1) - (-5 + -1)?
6
What is (-7 - (-3 - 7)) + -4?
-1
Evaluate 7 - 8 - (-5 - -3) - 7.
-6
Calculate -6 + 1 + -13 + 8.
-10
(1 - (1 + 1)) + 2
1
Calculate (-8 - (-3 - 1)) + 4.
0
What is the value of (-1 + 4 - -3) + -1 + -3?
2
Calculate -2 + 5 + -4 + 0 + 0.
-1
Calculate (-6 - (13 - (-6 - -13))) + 7.
-5
Evaluate 2 - (3 - 4 - -3).
0
What is the value of 1 + -3 - (-15 - -13)?
0
Calculate 75 + -69 + 1 + -7.
0
Calculate 4 - (-4 + (4 + -4 - -3)).
5
What is the value of 2 - (-4 + 4 + -2) - 7?
-3
What is (1 - -11) + 0 + -10?
2
What is (6 + -9 - -1) + (1 - -1)?
0
What is (-9 - -24 - 6) + -8 + -5?
-4
Calculate -9 - (-5 - -4 - 3).
-5
What is -3 + 3 + -2 - 3?
-5
Evaluate 6 + -4 - 5 - (1 - 1).
-3
Evaluate -15 + 2 + 0 - -4.
-9
Calculate (-8 - -9) + (-4 - 0).
-3
-61 - -62 - (6 - 0)
-5
Evaluate 25 + -20 + (-4 - (-2 - -2)).
1
1 + 3 + -23 + 25
6
What is the value of 2 - (8 - (-7 - -16))?
3
What is the value of -3 + (1 - -3) + -5?
-4
Calculate 0 - (-3 + -8 - -7).
4
Calculate 0 + (-1 + -2 - (-11 + 10)).
-2
Calculate -2 - (4 - (9 - 1)).
2
-2 + 4 + -17 + 10
-5
Evaluate -9 + 5 + -1 + -1 + 3.
-3
Calculate -16 - -19 - (1 + -1 - -1).
2
-3 + 1 + -3 + (20 - 8)
7
What is the value of -1 + -3 + (0 - 1) + 5?
0
Evaluate (9 - 4 - (1 + 3)) + -3.
-2
Evaluate -32 + 33 - (-1 + 1).
1
(-15 + 1 - -17) + 7
10
0 - (4 + -10 + 3)
3
What is 16 + -1 + 6 + -8 + -7?
6
569 + -553 + 0 + 0 + -6
10
What is 15 + -6 + -4 + 0 + -2?
3
-4 + -1 - (-10 + 4)
1
-3 - (-5 - (-4 - -7))
5
What is 51 + -48 - (-1 - 0)?
4
What is -3 + 5 - -2 - 6?
-2
Calculate -4 + 2 - (-2 - -2).
-2
What is -2 + -6 + (-25 - -32)?
-1
What is 3 - (-3 - (0 - (-3 + 4)))?
5
(4 + -2 + -5 - -3) + 5
5
2 + -4 - (37 - 38)
-1
What is 41 + -50 + (5 - -1)?
-3
What is the value of -6 - -8 - (2 + -1)?
1
0 - (-2 + 3 + -1) - 4
-4
Evaluate 3 - (6 + (4 - -3 - 7)).
-3
Calculate -1 - -4 - (0 - (-6 + 1)).
-2
What is the value of (-11 - -14) + -4 + 0?
-1
Evaluate 1 + (4 - 0) + -7.
-2
What is the value of 2 + (-3 - (8 + -5)) - 7?
-11
What is the value of (34 - 30) + (-1 - 1) + -5?
-3
What is 3 - (5 + 2 + 0)?
-4
Calculate -8 - ((22 - 11) + -11).
-8
What is (12 - (11 - -2)) + 6 + -1?
4
What is 3 + 5 + -8 + 3?
3
Calculate -1 - ((-3 - -6) + 2).
-6
3 + -3 - (0 - 2) - 2
0
What is the value of 1 + 1 + 0 + 1?
3
Calculate 8 - 11 - (-3 + -3).
3
Calculate 4 - (-2 - -4) - (16 - 17).
3
Calculate 2 + 3 + -3 + 3.
5
What is (-4 - (4 + -8)) + -2 + 3?
1
What is the value of ((0 - -1) + 0 - -3) + -6?
-2
What is (-10 + 27 - 14) + -14?
-11
Evaluate (-13 + 3 - -5) + 5 - 5.
-5
Evaluate -2 + -1 - (9 + -4 - 4).
-4
What is 8 + -1 + (8 + -11 - 1)?
3
What is the value of (0 - (3 - 3)) + 3?
3
What is the value of 7 - (-5 + (6 - 4) + 1)?
9
-11 - -6 - -3 - -3
1
What is the value of 6 + (2 - (-3 - 1 - -5))?
7
-4 + (-2 - -13) + 0 + -2
5
Calculate -3 + 2 + (2 - (0 + 4)).
-3
(6 + -3 - 6) + 1 + 3
1
What is the value of (-1 - 5 - -6) + 4 + -1?
3
Evaluate -3 + 2 - 0 - (26 + -24).
-3
What is (2 - 0) + -5 - -5?
2
2 + (2 - 5) + -4
-5
What is (9 - 15) + (6 - 1)?
-1
Evaluate -5 + -2 + 1 + -175 + 178.
-3
Evaluate 3 + (-7 - (0 - 8)).
4
5 + 1 + 1 + -2 + -1
4
Calculate 13 - (14 + 1) - -9.
7
What is the value of (13 - 8) + 0 + -5?
0
-6 - (7 - 9 - -2)
-6
What is (-3 - 0) + (21 - 25) - -7?
0
10 - 5 - 8 - (-2 - 1)
0
What is the value of (-2 - (-2 + -5)) + (-5 - 2)?
-2
Calculate (1 + 0 - -1) + 15 + -24.
-7
3 - -2 - 3 - (-3 + 6)
-1
What is (-9 - 7 - -15) + 2 + 0?
1
What is the value of -1 + 11 + -108 + 103?
5
What is 5 - (11 + -2 + 5)?
-9
Evaluate (5 + -6 + -2 - 0) + 6.
3
Calculate 4 + (2 - 6) - (5 + -7).
2
What is the value of -2 + 5 + 2 - (32 + -28)?
1
What is the value of (-6 - -6) + 2 + 3?
5
Evaluate 5 - (2 - 0) - (-2 - 0).
5
What is the value of 33 + -31 + (-5 - 1)?
-4
Evaluate -2 - (1 - 2) - 2.
-3
Evaluate -5 + 3 + 2 + (50 - 52).
-2
What is (20 - 19) + (-3 - -4)?
2
Evaluate -9 + -10 + 9 + 4.
-6
Evaluate (-2 - -3 - 4) + 1 + 3.
1
-3 + (4 - 5) + 6
2
What is the value of -21 + 3 + -37 + 47?
-8
What is 9 + (8 + -12 - 3)?
2
What is -7 + 3 - (3 - 7 - -5)?
-5
What is (0 - -2) + 1 + 3 + -5?
1
Calculate 6 - (4 + -2) - 0.
4
Calculate (4 - 0) + -5 - 0.
-1
Evaluate 2 + -6 - 1 - -6.
1
What is the value of -2 - (2 - (-6 - -11))?
1
What is 7 - (4 + 3 - 17) - 7?
10
0 - (-5 - (1 - -2 - 10))
-2
2 + (-4 + 6 - (-1 + 6))
-1
What is the value of 5 - (-1 + 1) - 7?
-2
Calculate -1 + -5 - -3 - (-7 + 1).
3
Evaluate 10 - (11 + -7) - (-2 - -10).
-2
What is the value of -41 - -33 - (-3 + -1)?
-4
Calculate -5 - (-8 - -5) - 8.
-10
What is 1 + 15 + -29 + 18?
5
Calculate 1 - (1 + -4) - 1.
3
Calculate 0 + (-1 - (-3 + -1 + -3)).
6
Calculate 12 + -5 - 2 - 1.
4
Evaluate (9 - 4) + -3 - 3.
-1
What is (-2 - (-3 + 1)) + -3 + 2?
-1
-11 + 9 + (-1 - -1) - 2
-4
Evaluate 13 - (7 + -2 - (26 + -23)).
11
What is the value of -3 + 3 + -1 + 3?
2
Calculate (15 - 23) + (-1 - -5).
-4
What is (1 - -4) + -5 - 4?
-4
-2 - (-6 - -4 - 3 - -5)
-2
Calculate 2 - -1 - (7 - (0 - -1)).
-3
What is -5 + (-8 - -5 - 0)?
-8
3 - (0 - -5 - 5)
3
What is the value of 1 + 3 + (-20 - -16)?
0
(1 - 3 - (-8 - 3)) + -5
4
3 + 2 - (-9 + (3 - -8))
3
Evaluate 0 + (9 - 5 - 4).
0
What is the value of 5 - (6 + (-3 - 0) - -1)?
1
2 - 8 - (-63 + 61)
-4
What is the value of (-1 - -6) + 0 - 10?
-5
What is the value of -7 + (0 + -3 - -8) + -3?
-5
What is 5 + (0 - 6) + 4?
3
Evaluate -2 - (0 + -2 + -2) - 1.
1
Calculate (-1 - 3 - (-14 + 10)) + 3.
3
Evaluate -3 - -1 - (-39 - -34).
3
Calculate 0 - -5 - (42 + -40).
3
What is -3 + (-3 - -1 - (-15 + 14))?
-4
Calculate -23 - -22 - (-1 + -1 + -1).
2
12 - (0 + (0 - 0)) - 6
6
Evaluate -3 + 6 - (-1 + 2 + 1).
1
Calculate 5 - (5 + 5 - 0).
-5
1 + -22 + 5 + 10
-6
(-2 - 0) + (1 - 1 - 1)
-3
(6 - 1) + -3 + 3 + -3
2
Calculate 7 + (2 - (13 + -4)).
0
Evaluate 1 + -2 + (-1 - -4 - 0).
2
Evaluate (1 + 0 - -3) + 0.
4
What is (10 - 4) + 1 + -2 + -2?
3
What is 1 + 2 - (-1 - 0)?
4
Calculate 13 + -2 + (7 - 21 - -10).
7
5 - (2 + 0) - 3
0
-3 + 2 - 3 - 1
-5
What is (-13 - -19) + (1 - (3 - -3))?
1
What is (1 - 5) + -2 - (15 + -22)?
1
4 - (1 - 7 - -12)
-2
Calculate 8 + (-4 - -4) - 7.
1
What is 1 - (-2 - (2 - (2 + -1)))?
4
What is the value of (-60 - -70) + -14 + 1?
-3
What is -3 - (1 + (-3 + 6 - 2))?
-5
What is the value of 16 + -2 - (15 - 9)?
8
Evaluate 8 + 1 + (5 - (12 - 5)).
7
8 - ((17 - 7) + -4) - 0
2
What is the value of -3 + 3 + 7 + (1 - 3)?
5
Calculate -261 + 264 + (1 - -3).
7
What is -7 + (-5 - -7) + 9 + -4?
0
What is the value of 8 + -8 - ((4 - 2) + 3)?
-5
What is the value of -5 - (-4 + -4 + 8)?
-5
Evaluate (0 - 2) + (12 - -2) + -9.
3
What is the value of 8 - (1 - (-4 - 2))?
1
What is the value of 19 + -17 + (-1 - 3)?
-2
What is the value of -4 + (-10 - -9) + 3 + 1?
-1
What is 1 + 7 + -7 - 5?
-4
Calculate 10 + 0 - (-3 + 12).
1
Calculate -1 + (-2 - -2 - 1) - -2.
0
Calculate 28 + -20 + (-1 + -2 - -1).
6
What is the value of -4 - (0 + -7) - 3?
0
What is the value of (-2 - -1) + 10 + -12?
-3
What is the value of -5 + 6 + 8 + -5?
4
Calculate 2 - (3 + 14 + -12).
-3
What is 2 - (-1 - (12 - 5 - 4))?
6
Calculate -2 + 4 + -2 - (-1 + 5).
-4
What is 8 + 5 - 2 - 7?
4
Calculate (-1 - (-1 - -4 - 4)) + 2.
2
Evaluate (6 - 2 - (5 - -4)) + 3.
-2
Evaluate 1 + 4 - (10 - 3).